{"id":95,"date":"2017-10-02T14:43:54","date_gmt":"2017-10-02T12:43:54","guid":{"rendered":"http:\/\/chiomedoro.com\/?page_id=95"},"modified":"2017-11-19T14:18:42","modified_gmt":"2017-11-19T13:18:42","slug":"sparge-la-morte","status":"publish","type":"page","link":"https:\/\/chiomedoro.com\/index.php\/sparge-la-morte\/","title":{"rendered":"Sparge la Morte"},"content":{"rendered":"<p>Dans ce si\u00e8cle du baroque italien &#8211; l\u2019\u00e8re des effets de contrastes par excellence -, les trois compositeurs Monteverdi, Gesualdo et D\u2019India ont hiss\u00e9 l\u2019art du madrigal au plus haut degr\u00e9 de sophistication et d\u2019expression, en m\u00e9langeant la ma\u00eetrise contrapuntique de la Renaissance et l\u2019audace exacerb\u00e9e de cette nouvelle \u00e9poque.<\/p>\n<p>Les madrigaux \u00e0 5 voix de ce programme, d\u2019\u00e9poques et d&rsquo;esth\u00e9tiques diverses, ont tous en commun la volont\u00e9 d\u2019acc\u00e9der \u00e0 une sensualit\u00e9 sonore presque physique au-del\u00e0 des mots. Ils utilisent m\u00eame cette ivresse harmonique pour exprimer la douleur inh\u00e9rente au th\u00e8me myst\u00e9rieux de la Mort sous toutes ses formes. Le contrepoint est ici au service de la po\u00e9sie et souligne la moindre allusion du texte. Des chromatismes d\u00e9chirants aux fausses relations \u00e9tranges, en passant par les dissonances attaqu\u00e9es qui transpercent les lignes du contrepoint : cette science musicale h\u00e9rit\u00e9e du pass\u00e9 devient le moyen id\u00e9al d\u2019exprimer les \u00e9motions humaines les plus profondes.<\/p>\n<p class=\"entry-title\">\u00c0 ce programme s\u2019ajoute des monodies de conception analogue mais qui seront ici le vecteur de sentiments plus int\u00e9rieurs. Caccini, Merula et Saracini ont utilis\u00e9 dans leurs compositions une palette incroyable d\u2019effets nouveaux pour exprimer la plainte de mani\u00e8re plus personnelle, plus intimiste. Ces \u0153uvres pour voix seule seront chant\u00e9es ici \u00e0 chaque fois par une voix diff\u00e9rente du quintette vocal, et offriront de v\u00e9ritables respirations au milieu de ces madrigaux \u00e0 l\u2019intensit\u00e9 immersive extr\u00eame.<\/p>\n<p>Ce programme explore donc toutes les parties sombres de l\u2019\u00e2me en abordant ici ses grandes afflictions et ses grandes extases. Les sentiments chavirent en une fraction de seconde dans une explosion des sens. L\u2019oreille de l\u2019auditeur est alors p\u00e9trie telle la glaise, et les sentiments v\u00e9hicul\u00e9s par la musique l\u2019envahissent.<\/p>\n<p><strong>Avec des \u0153uvres de\u00a0:<br \/>\n<\/strong>Gesualdo<em>, <\/em>Monteverdi<em>, <\/em>Marenzio<em>, <\/em>Merula, Caccini, D\u2019India<em>, <\/em>Mazzocchi<\/p>\n<p><strong>Effectif :<br \/>\n<\/strong>5 chanteurs et 4 instrumentistes<\/p>\n<p><strong>Total :<\/strong> 9 musiciens<\/p>\n<p><strong>Dur\u00e9e :<\/strong> 1h30 environ<\/p>\n","protected":false},"excerpt":{"rendered":"<p>Dans ce si\u00e8cle du baroque italien &#8211; l\u2019\u00e8re des effets de contrastes par excellence -, les trois compositeurs Monteverdi, Gesualdo et D\u2019India ont hiss\u00e9 l\u2019art du madrigal au plus haut degr\u00e9 de sophistication et d\u2019expression, en m\u00e9langeant la ma\u00eetrise contrapuntique de la Renaissance et l\u2019audace exacerb\u00e9e de cette nouvelle \u00e9poque. Les madrigaux \u00e0 5 voix [&hellip;]<\/p>\n","protected":false},"author":2,"featured_media":707,"parent":0,"menu_order":0,"comment_status":"closed","ping_status":"closed","template":"templates\/no-sidebar.php","meta":{"jetpack_post_was_ever_published":false,"footnotes":""},"class_list":["post-95","page","type-page","status-publish","has-post-thumbnail","hentry"],"jetpack_sharing_enabled":true,"jetpack_shortlink":"https:\/\/wp.me\/P9gKRr-1x","jetpack_likes_enabled":true,"jetpack-related-posts":[{"id":1108,"url":"https:\/\/chiomedoro.com\/index.php\/nos-disques\/","url_meta":{"origin":95,"position":0},"title":"Nos Disques","author":"Admin","date":"30 novembre 2019","format":false,"excerpt":"\"Le Th\u00e9\u00e2tre du Monde\", sorti en 2014 chez Claves Au tournant du XVIIe si\u00e8cle, certains compositeurs ont cherch\u00e9, pour la premi\u00e8re fois, \u00e0 exprimer musicalement, non plus les \u00e9motions des dieux, mais celles des hommes, bien plus violentes et profondes. L'amour, la haine et le d\u00e9sespoir sont r\u00e9unis sur la\u2026","rel":"","context":"Article similaire","block_context":{"text":"Article similaire","link":""},"img":{"alt_text":"","src":"https:\/\/i0.wp.com\/chiomedoro.com\/wp-content\/uploads\/2022\/11\/image-provisoir-TdM-1.jpg?resize=350%2C200&ssl=1","width":350,"height":200,"srcset":"https:\/\/i0.wp.com\/chiomedoro.com\/wp-content\/uploads\/2022\/11\/image-provisoir-TdM-1.jpg?resize=350%2C200&ssl=1 1x, https:\/\/i0.wp.com\/chiomedoro.com\/wp-content\/uploads\/2022\/11\/image-provisoir-TdM-1.jpg?resize=525%2C300&ssl=1 1.5x, https:\/\/i0.wp.com\/chiomedoro.com\/wp-content\/uploads\/2022\/11\/image-provisoir-TdM-1.jpg?resize=700%2C400&ssl=1 2x, https:\/\/i0.wp.com\/chiomedoro.com\/wp-content\/uploads\/2022\/11\/image-provisoir-TdM-1.jpg?resize=1050%2C600&ssl=1 3x, https:\/\/i0.wp.com\/chiomedoro.com\/wp-content\/uploads\/2022\/11\/image-provisoir-TdM-1.jpg?resize=1400%2C800&ssl=1 4x"},"classes":[]},{"id":1124,"url":"https:\/\/chiomedoro.com\/index.php\/da-monteverdi-a-monteverdi\/","url_meta":{"origin":95,"position":1},"title":"Da Monteverdi a Monteverdi","author":"Admin","date":"11 d\u00e9cembre 2019","format":false,"excerpt":"Ce programme est un hommage \u00e0 Claudio Monteverdi (1567-1643), le plus grand compositeur du XVIIe si\u00e8cle italien, aux qualit\u00e9s contrapuntiques et dramatiques exceptionnelles, tant dans la musique religieuse que dans la musique profane. Dans cette \u00e8re baroque des effets de contrastes, Monteverdi hissa l\u2019art du madrigal au plus haut degr\u00e9\u2026","rel":"","context":"Article similaire","block_context":{"text":"Article similaire","link":""},"img":{"alt_text":"","src":"https:\/\/i0.wp.com\/chiomedoro.com\/wp-content\/uploads\/2020\/01\/201809042131_D750_DSC_4671-1280.jpg?fit=1200%2C801&ssl=1&resize=350%2C200","width":350,"height":200,"srcset":"https:\/\/i0.wp.com\/chiomedoro.com\/wp-content\/uploads\/2020\/01\/201809042131_D750_DSC_4671-1280.jpg?fit=1200%2C801&ssl=1&resize=350%2C200 1x, https:\/\/i0.wp.com\/chiomedoro.com\/wp-content\/uploads\/2020\/01\/201809042131_D750_DSC_4671-1280.jpg?fit=1200%2C801&ssl=1&resize=525%2C300 1.5x, https:\/\/i0.wp.com\/chiomedoro.com\/wp-content\/uploads\/2020\/01\/201809042131_D750_DSC_4671-1280.jpg?fit=1200%2C801&ssl=1&resize=700%2C400 2x, https:\/\/i0.wp.com\/chiomedoro.com\/wp-content\/uploads\/2020\/01\/201809042131_D750_DSC_4671-1280.jpg?fit=1200%2C801&ssl=1&resize=1050%2C600 3x"},"classes":[]},{"id":1531,"url":"https:\/\/chiomedoro.com\/index.php\/1531-2\/","url_meta":{"origin":95,"position":2},"title":"Les divins caprices, la suite","author":"Admin","date":"19 juin 2023","format":false,"excerpt":"Nous sommes ravis de vous pr\u00e9senter en exclusivit\u00e9 le tout premier trailer de notre dernier spectacle \u00e9poustouflant, \"Les Divins Caprices\" !\u00a0 Ce spectacle incroyable a \u00e9t\u00e9 le fruit de 3 repr\u00e9sentations \u00e0 guichets ferm\u00e9s, 2 r\u00e9sidences de cr\u00e9ation intenses et la participation de 15 artistes talentueux. Tout cela dans un\u2026","rel":"","context":"Article similaire","block_context":{"text":"Article similaire","link":""},"img":{"alt_text":"","src":"https:\/\/i0.wp.com\/chiomedoro.com\/wp-content\/uploads\/2023\/06\/IMG-20230606-WA0020.jpg?resize=350%2C200&ssl=1","width":350,"height":200,"srcset":"https:\/\/i0.wp.com\/chiomedoro.com\/wp-content\/uploads\/2023\/06\/IMG-20230606-WA0020.jpg?resize=350%2C200&ssl=1 1x, https:\/\/i0.wp.com\/chiomedoro.com\/wp-content\/uploads\/2023\/06\/IMG-20230606-WA0020.jpg?resize=525%2C300&ssl=1 1.5x, https:\/\/i0.wp.com\/chiomedoro.com\/wp-content\/uploads\/2023\/06\/IMG-20230606-WA0020.jpg?resize=700%2C400&ssl=1 2x"},"classes":[]},{"id":93,"url":"https:\/\/chiomedoro.com\/index.php\/monteverdi-vivaldi-les-deux-lumieres-du-baroque\/","url_meta":{"origin":95,"position":3},"title":"Monteverdi-Vivaldi : les deux lumi\u00e8res du baroque","author":"Noemie","date":"2 octobre 2017","format":false,"excerpt":"Des polyphonies \u00e9clatantes de Gabrieli au style flamboyant de Vivaldi, en passant bien s\u00fbr par l\u2019illustre Monteverdi, tout cela s\u2019est pass\u00e9 \u00e0 Venise. En effet, cette ville commer\u00e7ante riche et puissante, a encourag\u00e9 les arts, tant profanes que sacr\u00e9s. En abritant la recherche musicale (comme par exemple Zarlino) et les\u2026","rel":"","context":"Article similaire","block_context":{"text":"Article similaire","link":""},"img":{"alt_text":"","src":"https:\/\/i0.wp.com\/chiomedoro.com\/wp-content\/uploads\/2017\/10\/MonteverdiVivaldi.jpg?fit=1200%2C411&ssl=1&resize=350%2C200","width":350,"height":200,"srcset":"https:\/\/i0.wp.com\/chiomedoro.com\/wp-content\/uploads\/2017\/10\/MonteverdiVivaldi.jpg?fit=1200%2C411&ssl=1&resize=350%2C200 1x, https:\/\/i0.wp.com\/chiomedoro.com\/wp-content\/uploads\/2017\/10\/MonteverdiVivaldi.jpg?fit=1200%2C411&ssl=1&resize=525%2C300 1.5x, https:\/\/i0.wp.com\/chiomedoro.com\/wp-content\/uploads\/2017\/10\/MonteverdiVivaldi.jpg?fit=1200%2C411&ssl=1&resize=700%2C400 2x, https:\/\/i0.wp.com\/chiomedoro.com\/wp-content\/uploads\/2017\/10\/MonteverdiVivaldi.jpg?fit=1200%2C411&ssl=1&resize=1050%2C600 3x"},"classes":[]},{"id":1297,"url":"https:\/\/chiomedoro.com\/index.php\/choeur-amici\/","url_meta":{"origin":95,"position":4},"title":"Choeur Amici #2023","author":"Admin","date":"19 octobre 2021","format":false,"excerpt":"La polyphonie en Italie, en Espagne et au Nouveau Monde: l'\u00c2ge d'Or Le stage 2023 Amici, en collaboration avec l'ensemble Chiome d'Oro, sera consacr\u00e9 cette ann\u00e9e \u00e0 l'exploration de la polyphonie sacr\u00e9e. Au tournant du 17\u00e8me si\u00e8cle, la polyphonie atteint des sommets, que ce soit dans l'expression d'\u00e9motion, dans la\u2026","rel":"","context":"Article similaire","block_context":{"text":"Article similaire","link":""},"img":{"alt_text":"","src":"https:\/\/i0.wp.com\/chiomedoro.com\/wp-content\/uploads\/2023\/02\/L-interieur-cathedrale-Construite-partir-1155-Notre-Dame-Laon-aurait-inspire-concepteurs-celles-Paris-Chartres-Reims-Lausanne-Magdebourg_0.webp?resize=350%2C200&ssl=1","width":350,"height":200,"srcset":"https:\/\/i0.wp.com\/chiomedoro.com\/wp-content\/uploads\/2023\/02\/L-interieur-cathedrale-Construite-partir-1155-Notre-Dame-Laon-aurait-inspire-concepteurs-celles-Paris-Chartres-Reims-Lausanne-Magdebourg_0.webp?resize=350%2C200&ssl=1 1x, https:\/\/i0.wp.com\/chiomedoro.com\/wp-content\/uploads\/2023\/02\/L-interieur-cathedrale-Construite-partir-1155-Notre-Dame-Laon-aurait-inspire-concepteurs-celles-Paris-Chartres-Reims-Lausanne-Magdebourg_0.webp?resize=525%2C300&ssl=1 1.5x, https:\/\/i0.wp.com\/chiomedoro.com\/wp-content\/uploads\/2023\/02\/L-interieur-cathedrale-Construite-partir-1155-Notre-Dame-Laon-aurait-inspire-concepteurs-celles-Paris-Chartres-Reims-Lausanne-Magdebourg_0.webp?resize=700%2C400&ssl=1 2x"},"classes":[]},{"id":97,"url":"https:\/\/chiomedoro.com\/index.php\/giona-entre-lumiere-divine-et-musique-marine\/","url_meta":{"origin":95,"position":5},"title":"Giona : entre lumi\u00e8re divine et musique marine","author":"Noemie","date":"2 octobre 2017","format":false,"excerpt":"Oratorio Giona de Giovanni Battista Bassani mis en lumi\u00e8re et sc\u00e9nographi\u00e9 par David Debrinay, cr\u00e9ateur lumi\u00e8res. D\u00e9marche musicale: Au milieu du XVIIe si\u00e8cle, dans le nord de l\u2019Italie, le c\u0153ur de l\u2019oratorio moderne bat d\u00e9j\u00e0 pour rythmer le calendrier religieux. Nouvellement nomm\u00e9 ma\u00eetre de chapelle \u00e0 la cath\u00e9drale de Bergame,\u2026","rel":"","context":"Article similaire","block_context":{"text":"Article similaire","link":""},"img":{"alt_text":"","src":"https:\/\/i0.wp.com\/chiomedoro.com\/wp-content\/uploads\/2017\/10\/Giona.jpg?fit=1200%2C411&ssl=1&resize=350%2C200","width":350,"height":200,"srcset":"https:\/\/i0.wp.com\/chiomedoro.com\/wp-content\/uploads\/2017\/10\/Giona.jpg?fit=1200%2C411&ssl=1&resize=350%2C200 1x, https:\/\/i0.wp.com\/chiomedoro.com\/wp-content\/uploads\/2017\/10\/Giona.jpg?fit=1200%2C411&ssl=1&resize=525%2C300 1.5x, https:\/\/i0.wp.com\/chiomedoro.com\/wp-content\/uploads\/2017\/10\/Giona.jpg?fit=1200%2C411&ssl=1&resize=700%2C400 2x, https:\/\/i0.wp.com\/chiomedoro.com\/wp-content\/uploads\/2017\/10\/Giona.jpg?fit=1200%2C411&ssl=1&resize=1050%2C600 3x"},"classes":[]}],"_links":{"self":[{"href":"https:\/\/chiomedoro.com\/index.php\/wp-json\/wp\/v2\/pages\/95","targetHints":{"allow":["GET"]}}],"collection":[{"href":"https:\/\/chiomedoro.com\/index.php\/wp-json\/wp\/v2\/pages"}],"about":[{"href":"https:\/\/chiomedoro.com\/index.php\/wp-json\/wp\/v2\/types\/page"}],"author":[{"embeddable":true,"href":"https:\/\/chiomedoro.com\/index.php\/wp-json\/wp\/v2\/users\/2"}],"replies":[{"embeddable":true,"href":"https:\/\/chiomedoro.com\/index.php\/wp-json\/wp\/v2\/comments?post=95"}],"version-history":[{"count":3,"href":"https:\/\/chiomedoro.com\/index.php\/wp-json\/wp\/v2\/pages\/95\/revisions"}],"predecessor-version":[{"id":738,"href":"https:\/\/chiomedoro.com\/index.php\/wp-json\/wp\/v2\/pages\/95\/revisions\/738"}],"wp:featuredmedia":[{"embeddable":true,"href":"https:\/\/chiomedoro.com\/index.php\/wp-json\/wp\/v2\/media\/707"}],"wp:attachment":[{"href":"https:\/\/chiomedoro.com\/index.php\/wp-json\/wp\/v2\/media?parent=95"}],"curies":[{"name":"wp","href":"https:\/\/api.w.org\/{rel}","templated":true}]}}

<p>Dans ce siècle du baroque italien &#8211; l’ère des effets de contrastes par excellence -, les trois compositeurs Monteverdi, Gesualdo et D’India ont hissé l’art du madrigal au plus haut degré de sophistication et d’expression, en mélangeant la maîtrise contrapuntique de la Renaissance et l’audace exacerbée de cette nouvelle époque.</p>
<p>Les madrigaux à 5 voix de ce programme, d’époques et d&rsquo;esthétiques diverses, ont tous en commun la volonté d’accéder à une sensualité sonore presque physique au-delà des mots. Ils utilisent même cette ivresse harmonique pour exprimer la douleur inhérente au thème mystérieux de la Mort sous toutes ses formes. Le contrepoint est ici au service de la poésie et souligne la moindre allusion du texte. Des chromatismes déchirants aux fausses relations étranges, en passant par les dissonances attaquées qui transpercent les lignes du contrepoint : cette science musicale héritée du passé devient le moyen idéal d’exprimer les émotions humaines les plus profondes.</p>
<p class="entry-title">À ce programme s’ajoute des monodies de conception analogue mais qui seront ici le vecteur de sentiments plus intérieurs. Caccini, Merula et Saracini ont utilisé dans leurs compositions une palette incroyable d’effets nouveaux pour exprimer la plainte de manière plus personnelle, plus intimiste. Ces œuvres pour voix seule seront chantées ici à chaque fois par une voix différente du quintette vocal, et offriront de véritables respirations au milieu de ces madrigaux à l’intensité immersive extrême.</p>
<p>Ce programme explore donc toutes les parties sombres de l’âme en abordant ici ses grandes afflictions et ses grandes extases. Les sentiments chavirent en une fraction de seconde dans une explosion des sens. L’oreille de l’auditeur est alors pétrie telle la glaise, et les sentiments véhiculés par la musique l’envahissent.</p>
<p><strong>Avec des œuvres de :<br />
</strong>Gesualdo<em>, </em>Monteverdi<em>, </em>Marenzio<em>, </em>Merula, Caccini, D’India<em>, </em>Mazzocchi</p>
<p><strong>Effectif :<br />
</strong>5 chanteurs et 4 instrumentistes</p>
<p><strong>Total :</strong> 9 musiciens</p>
<p><strong>Durée :</strong> 1h30 environ</p>

<p>Dans ce siècle du baroque italien &#8211; l’ère des effets de contrastes par excellence -, les trois compositeurs Monteverdi, Gesualdo et D’India ont hissé l’art du madrigal au plus haut degré de sophistication et d’expression, en mélangeant la maîtrise contrapuntique de la Renaissance et l’audace exacerbée de cette nouvelle époque. Les madrigaux à 5 voix [&hellip;]</p>

"Le Théâtre du Monde", sorti en 2014 chez Claves Au tournant du XVIIe siècle, certains compositeurs ont cherché, pour la première fois, à exprimer musicalement, non plus les émotions des dieux, mais celles des hommes, bien plus violentes et profondes. L'amour, la haine et le désespoir sont réunis sur la…

11 décembre 2019

Ce programme est un hommage à Claudio Monteverdi (1567-1643), le plus grand compositeur du XVIIe siècle italien, aux qualités contrapuntiques et dramatiques exceptionnelles, tant dans la musique religieuse que dans la musique profane. Dans cette ère baroque des effets de contrastes, Monteverdi hissa l’art du madrigal au plus haut degré…

Nous sommes ravis de vous présenter en exclusivité le tout premier trailer de notre dernier spectacle époustouflant, "Les Divins Caprices" !  Ce spectacle incroyable a été le fruit de 3 représentations à guichets fermés, 2 résidences de création intenses et la participation de 15 artistes talentueux. Tout cela dans un…

Monteverdi-Vivaldi : les deux lumières du baroque

Des polyphonies éclatantes de Gabrieli au style flamboyant de Vivaldi, en passant bien sûr par l’illustre Monteverdi, tout cela s’est passé à Venise. En effet, cette ville commerçante riche et puissante, a encouragé les arts, tant profanes que sacrés. En abritant la recherche musicale (comme par exemple Zarlino) et les…

La polyphonie en Italie, en Espagne et au Nouveau Monde: l'Âge d'Or Le stage 2023 Amici, en collaboration avec l'ensemble Chiome d'Oro, sera consacré cette année à l'exploration de la polyphonie sacrée. Au tournant du 17ème siècle, la polyphonie atteint des sommets, que ce soit dans l'expression d'émotion, dans la…

Giona : entre lumière divine et musique marine

Oratorio Giona de Giovanni Battista Bassani mis en lumière et scénographié par David Debrinay, créateur lumières. Démarche musicale: Au milieu du XVIIe siècle, dans le nord de l’Italie, le cœur de l’oratorio moderne bat déjà pour rythmer le calendrier religieux. Nouvellement nommé maître de chapelle à la cathédrale de Bergame,…
