{"id":43,"date":"2017-09-26T18:44:19","date_gmt":"2017-09-26T16:44:19","guid":{"rendered":"http:\/\/chiomedoro.com\/?page_id=43"},"modified":"2023-06-19T11:40:09","modified_gmt":"2023-06-19T09:40:09","slug":"nous-soutenir","status":"publish","type":"page","link":"https:\/\/chiomedoro.com\/index.php\/contact\/nous-soutenir\/","title":{"rendered":"Nous soutenir"},"content":{"rendered":"<p>L\u2019ensemble Chiome d\u2019Oro, qui existe depuis 2010, a pris un tout autre envol depuis la cr\u00e9ation de l\u2019association des amis de Chiome d\u2019Oro en 2013. Gr\u00e2ce au soutien de ses membres dont la cotisation s\u2019apparente \u00e0 un petit m\u00e9c\u00e9nat, les musiciens de l\u2019ensemble peuvent esp\u00e9rer r\u00e9aliser leurs id\u00e9es les plus folles ! Jusqu\u2019\u00e0 pr\u00e9sent, l\u2019Association a permis notamment la r\u00e9alisation du premier disque de l\u2019ensemble en 2014, du projet faramineux et aur\u00e9ol\u00e9 de succ\u00e8s Giona en 2016, mais aussi le bon d\u00e9roulement de chacun de ses concerts tout au long de l\u2019ann\u00e9e (quinze concerts par an en moyenne). Et l\u2019ensemble Chiome d\u2019Oro a encore de beaux projets en t\u00eate pour l\u2019avenir !<\/p>\n<p>Pour tous ses concerts en Suisse et \u00e0 l\u2019\u00e9tranger, l\u2019ensemble Chiome d\u2019Oro a donc besoin de vous ! En devenant membre de notre Association, votre cotisation permet de financer la logistique encadrant les projets de l&rsquo;ensemble, c\u2019est-\u00e0-dire le transport, l\u2019h\u00e9bergement et les repas des musiciens pendant les p\u00e9riodes de r\u00e9p\u00e9titions et de concerts, ainsi que d\u2019assurer la promotion des concerts \u00e0 venir. En \u00e9change, cette cotisation vous assurera tout d\u2019abord de notre reconnaissance \u00e9ternelle, mais aussi d\u2019une place dans les premiers rangs de tous les concerts organis\u00e9s directement par l\u2019ensemble, ainsi que l\u2019annonce en avant-premi\u00e8re de toutes les nouveaut\u00e9s concernant l&rsquo;ensemble Chiome d\u2019Oro et ses musiciens gr\u00e2ce \u00e0 nos newsletters (envoy\u00e9es uniquement par mail).<\/p>\n<p>Nous vous remercions sinc\u00e8rement pour votre soutien et votre pr\u00e9sence \u00e0 nos concerts car sans vous, rien ne serait possible.<\/p>\n<h4 style=\"text-align: center;\"><a href=\"https:\/\/chiomedoro.com\/doc\/AdhesionCdO23.pdf?_t=1687166454\"><span style=\"color: #000000;\">T\u00e9l\u00e9charger le formulaire<\/span><\/a><\/h4>\n\n\n<p><\/p>\n","protected":false},"excerpt":{"rendered":"<p>L\u2019ensemble Chiome d\u2019Oro, qui existe depuis 2010, a pris un tout autre envol depuis la cr\u00e9ation de l\u2019association des amis de Chiome d\u2019Oro en 2013. Gr\u00e2ce au soutien de ses membres dont la cotisation s\u2019apparente \u00e0 un petit m\u00e9c\u00e9nat, les musiciens de l\u2019ensemble peuvent esp\u00e9rer r\u00e9aliser leurs id\u00e9es les plus folles ! Jusqu\u2019\u00e0 pr\u00e9sent, l\u2019Association [&hellip;]<\/p>\n","protected":false},"author":1,"featured_media":0,"parent":39,"menu_order":0,"comment_status":"closed","ping_status":"closed","template":"templates\/no-sidebar.php","meta":{"footnotes":""},"class_list":["post-43","page","type-page","status-publish","hentry"],"jetpack_sharing_enabled":true,"jetpack_shortlink":"https:\/\/wp.me\/P9gKRr-H","jetpack_likes_enabled":true,"jetpack-related-posts":[{"id":25,"url":"https:\/\/chiomedoro.com\/index.php\/lensemble\/","url_meta":{"origin":43,"position":0},"title":"L&rsquo;Ensemble","author":"Admin","date":"26 septembre 2017","format":false,"excerpt":"ENSEMBLE CHIOME D\u2019ORO \u2013 Pierre-Louis R\u00e9tat, direction Fond\u00e9 en 2010 \u00e0 Gen\u00e8ve par le claveciniste Pierre-Louis R\u00e9tat et la soprano Capucine Keller, l\u2019ensemble Chiome d\u2019Oro doit son nom \u00e0 l\u2019un des madrigaux de Claudio Monteverdi \u00e0 qui les musiciens rendent ainsi hommage. D\u00e8s sa premi\u00e8re ann\u00e9e, l\u2019ensemble a b\u00e9n\u00e9fici\u00e9 du\u2026","rel":"","context":"Article similaire","block_context":{"text":"Article similaire","link":""},"img":{"alt_text":"","src":"https:\/\/i0.wp.com\/chiomedoro.com\/wp-content\/uploads\/2017\/09\/img0073.jpg?fit=809%2C435&ssl=1&resize=350%2C200","width":350,"height":200,"srcset":"https:\/\/i0.wp.com\/chiomedoro.com\/wp-content\/uploads\/2017\/09\/img0073.jpg?fit=809%2C435&ssl=1&resize=350%2C200 1x, https:\/\/i0.wp.com\/chiomedoro.com\/wp-content\/uploads\/2017\/09\/img0073.jpg?fit=809%2C435&ssl=1&resize=525%2C300 1.5x, https:\/\/i0.wp.com\/chiomedoro.com\/wp-content\/uploads\/2017\/09\/img0073.jpg?fit=809%2C435&ssl=1&resize=700%2C400 2x"},"classes":[]},{"id":91,"url":"https:\/\/chiomedoro.com\/index.php\/capriccio-damore\/","url_meta":{"origin":43,"position":1},"title":"Capriccio d\u2019Amore","author":"Noemie","date":"2 octobre 2017","format":false,"excerpt":"L\u2019amour en tranche fine... L\u2019Ensemble Chiome d\u2019Oro diss\u00e8que les relations amoureuses, et va nous faire pleurer de rire et de tristesse en se penchant sur les charmes et les d\u00e9senchantements de la vie de couple. Ce programme original, concoct\u00e9 sous la forme d\u2019un petit op\u00e9ra sans mise en sc\u00e8ne, a\u2026","rel":"","context":"Article similaire","block_context":{"text":"Article similaire","link":""},"img":{"alt_text":"","src":"https:\/\/i0.wp.com\/chiomedoro.com\/wp-content\/uploads\/2017\/10\/CapriccioDAmore.jpg?fit=1200%2C411&ssl=1&resize=350%2C200","width":350,"height":200,"srcset":"https:\/\/i0.wp.com\/chiomedoro.com\/wp-content\/uploads\/2017\/10\/CapriccioDAmore.jpg?fit=1200%2C411&ssl=1&resize=350%2C200 1x, https:\/\/i0.wp.com\/chiomedoro.com\/wp-content\/uploads\/2017\/10\/CapriccioDAmore.jpg?fit=1200%2C411&ssl=1&resize=525%2C300 1.5x, https:\/\/i0.wp.com\/chiomedoro.com\/wp-content\/uploads\/2017\/10\/CapriccioDAmore.jpg?fit=1200%2C411&ssl=1&resize=700%2C400 2x, https:\/\/i0.wp.com\/chiomedoro.com\/wp-content\/uploads\/2017\/10\/CapriccioDAmore.jpg?fit=1200%2C411&ssl=1&resize=1050%2C600 3x"},"classes":[]},{"id":1297,"url":"https:\/\/chiomedoro.com\/index.php\/choeur-amici\/","url_meta":{"origin":43,"position":2},"title":"Choeur Amici #2023","author":"Admin","date":"19 octobre 2021","format":false,"excerpt":"La polyphonie en Italie, en Espagne et au Nouveau Monde: l'\u00c2ge d'Or Le stage 2023 Amici, en collaboration avec l'ensemble Chiome d'Oro, sera consacr\u00e9 cette ann\u00e9e \u00e0 l'exploration de la polyphonie sacr\u00e9e. Au tournant du 17\u00e8me si\u00e8cle, la polyphonie atteint des sommets, que ce soit dans l'expression d'\u00e9motion, dans la\u2026","rel":"","context":"Article similaire","block_context":{"text":"Article similaire","link":""},"img":{"alt_text":"","src":"https:\/\/i0.wp.com\/chiomedoro.com\/wp-content\/uploads\/2023\/02\/L-interieur-cathedrale-Construite-partir-1155-Notre-Dame-Laon-aurait-inspire-concepteurs-celles-Paris-Chartres-Reims-Lausanne-Magdebourg_0.webp?resize=350%2C200&ssl=1","width":350,"height":200,"srcset":"https:\/\/i0.wp.com\/chiomedoro.com\/wp-content\/uploads\/2023\/02\/L-interieur-cathedrale-Construite-partir-1155-Notre-Dame-Laon-aurait-inspire-concepteurs-celles-Paris-Chartres-Reims-Lausanne-Magdebourg_0.webp?resize=350%2C200&ssl=1 1x, https:\/\/i0.wp.com\/chiomedoro.com\/wp-content\/uploads\/2023\/02\/L-interieur-cathedrale-Construite-partir-1155-Notre-Dame-Laon-aurait-inspire-concepteurs-celles-Paris-Chartres-Reims-Lausanne-Magdebourg_0.webp?resize=525%2C300&ssl=1 1.5x, https:\/\/i0.wp.com\/chiomedoro.com\/wp-content\/uploads\/2023\/02\/L-interieur-cathedrale-Construite-partir-1155-Notre-Dame-Laon-aurait-inspire-concepteurs-celles-Paris-Chartres-Reims-Lausanne-Magdebourg_0.webp?resize=700%2C400&ssl=1 2x"},"classes":[]},{"id":1531,"url":"https:\/\/chiomedoro.com\/index.php\/1531-2\/","url_meta":{"origin":43,"position":3},"title":"Les divins caprices, la suite","author":"Admin","date":"19 juin 2023","format":false,"excerpt":"Nous sommes ravis de vous pr\u00e9senter en exclusivit\u00e9 le tout premier trailer de notre dernier spectacle \u00e9poustouflant, \"Les Divins Caprices\" !\u00a0 Ce spectacle incroyable a \u00e9t\u00e9 le fruit de 3 repr\u00e9sentations \u00e0 guichets ferm\u00e9s, 2 r\u00e9sidences de cr\u00e9ation intenses et la participation de 15 artistes talentueux. Tout cela dans un\u2026","rel":"","context":"Article similaire","block_context":{"text":"Article similaire","link":""},"img":{"alt_text":"","src":"https:\/\/i0.wp.com\/chiomedoro.com\/wp-content\/uploads\/2023\/06\/IMG-20230606-WA0020.jpg?resize=350%2C200&ssl=1","width":350,"height":200,"srcset":"https:\/\/i0.wp.com\/chiomedoro.com\/wp-content\/uploads\/2023\/06\/IMG-20230606-WA0020.jpg?resize=350%2C200&ssl=1 1x, https:\/\/i0.wp.com\/chiomedoro.com\/wp-content\/uploads\/2023\/06\/IMG-20230606-WA0020.jpg?resize=525%2C300&ssl=1 1.5x, https:\/\/i0.wp.com\/chiomedoro.com\/wp-content\/uploads\/2023\/06\/IMG-20230606-WA0020.jpg?resize=700%2C400&ssl=1 2x"},"classes":[]},{"id":22,"url":"https:\/\/chiomedoro.com\/","url_meta":{"origin":43,"position":4},"title":"Accueil","author":"Admin","date":"26 septembre 2017","format":false,"excerpt":"A travers l\u2019expression partag\u00e9e des \u00e9motions humaines, l\u2019Ensemble Chiome d\u2019Oro souhaite mettre la musique baroque \u00e0 la port\u00e9e de toutes les oreilles\u2026 \u00a0 \u00a0 \u00a0","rel":"","context":"Article similaire","block_context":{"text":"Article similaire","link":""},"img":{"alt_text":"","src":"https:\/\/i0.wp.com\/chiomedoro.com\/wp-content\/uploads\/2022\/11\/banniereCdO.jpg?fit=1200%2C405&ssl=1&resize=350%2C200","width":350,"height":200,"srcset":"https:\/\/i0.wp.com\/chiomedoro.com\/wp-content\/uploads\/2022\/11\/banniereCdO.jpg?fit=1200%2C405&ssl=1&resize=350%2C200 1x, https:\/\/i0.wp.com\/chiomedoro.com\/wp-content\/uploads\/2022\/11\/banniereCdO.jpg?fit=1200%2C405&ssl=1&resize=525%2C300 1.5x, https:\/\/i0.wp.com\/chiomedoro.com\/wp-content\/uploads\/2022\/11\/banniereCdO.jpg?fit=1200%2C405&ssl=1&resize=700%2C400 2x, https:\/\/i0.wp.com\/chiomedoro.com\/wp-content\/uploads\/2022\/11\/banniereCdO.jpg?fit=1200%2C405&ssl=1&resize=1050%2C600 3x"},"classes":[]},{"id":1100,"url":"https:\/\/chiomedoro.com\/index.php\/obstinement\/","url_meta":{"origin":43,"position":5},"title":"Obstin\u00e9ment","author":"Admin","date":"30 novembre 2019","format":false,"excerpt":"L'ostinato - cette basse qui se r\u00e9p\u00e8te inlassablement selon une m\u00eame formule - est l'un des points caract\u00e9ristiques de la musique baroque. C'est souvent elle qui installe, avant le texte, l'ambiance \u00e9motionnelle d'une pi\u00e8ce. Qui ne reconnait pas imm\u00e9diatement le lamento de Didon de Purcell \u00e0 sa descente chromatique r\u00e9p\u00e9t\u00e9e\u2026","rel":"","context":"Article similaire","block_context":{"text":"Article similaire","link":""},"img":{"alt_text":"","src":"https:\/\/i0.wp.com\/chiomedoro.com\/wp-content\/uploads\/2022\/11\/Visuel-Obstinement-scaled.jpg?fit=1200%2C576&ssl=1&resize=350%2C200","width":350,"height":200,"srcset":"https:\/\/i0.wp.com\/chiomedoro.com\/wp-content\/uploads\/2022\/11\/Visuel-Obstinement-scaled.jpg?fit=1200%2C576&ssl=1&resize=350%2C200 1x, https:\/\/i0.wp.com\/chiomedoro.com\/wp-content\/uploads\/2022\/11\/Visuel-Obstinement-scaled.jpg?fit=1200%2C576&ssl=1&resize=525%2C300 1.5x, https:\/\/i0.wp.com\/chiomedoro.com\/wp-content\/uploads\/2022\/11\/Visuel-Obstinement-scaled.jpg?fit=1200%2C576&ssl=1&resize=700%2C400 2x, https:\/\/i0.wp.com\/chiomedoro.com\/wp-content\/uploads\/2022\/11\/Visuel-Obstinement-scaled.jpg?fit=1200%2C576&ssl=1&resize=1050%2C600 3x"},"classes":[]}],"_links":{"self":[{"href":"https:\/\/chiomedoro.com\/index.php\/wp-json\/wp\/v2\/pages\/43","targetHints":{"allow":["GET"]}}],"collection":[{"href":"https:\/\/chiomedoro.com\/index.php\/wp-json\/wp\/v2\/pages"}],"about":[{"href":"https:\/\/chiomedoro.com\/index.php\/wp-json\/wp\/v2\/types\/page"}],"author":[{"embeddable":true,"href":"https:\/\/chiomedoro.com\/index.php\/wp-json\/wp\/v2\/users\/1"}],"replies":[{"embeddable":true,"href":"https:\/\/chiomedoro.com\/index.php\/wp-json\/wp\/v2\/comments?post=43"}],"version-history":[{"count":10,"href":"https:\/\/chiomedoro.com\/index.php\/wp-json\/wp\/v2\/pages\/43\/revisions"}],"predecessor-version":[{"id":1562,"href":"https:\/\/chiomedoro.com\/index.php\/wp-json\/wp\/v2\/pages\/43\/revisions\/1562"}],"up":[{"embeddable":true,"href":"https:\/\/chiomedoro.com\/index.php\/wp-json\/wp\/v2\/pages\/39"}],"wp:attachment":[{"href":"https:\/\/chiomedoro.com\/index.php\/wp-json\/wp\/v2\/media?parent=43"}],"curies":[{"name":"wp","href":"https:\/\/api.w.org\/{rel}","templated":true}]}}