{"id":41,"date":"2017-09-26T18:44:02","date_gmt":"2017-09-26T16:44:02","guid":{"rendered":"http:\/\/chiomedoro.com\/?page_id=41"},"modified":"2019-04-04T09:40:38","modified_gmt":"2019-04-04T07:40:38","slug":"nous-contacter","status":"publish","type":"page","link":"https:\/\/chiomedoro.com\/index.php\/contact\/nous-contacter\/","title":{"rendered":"Nous contacter"},"content":{"rendered":"<p>N\u2019h\u00e9sitez pas \u00e0 nous contacter pour \u00e9changer \u00e0 propos de projets pass\u00e9s ou futurs.<\/p>\n<p>Vous pouvez \u00e9galement nous contacter via le formulaire pour vous procurer un de nos disques \u00ab\u00a0Le Th\u00e9\u00e2tre du Monde\u00a0\u00bb ou le dernier \u00ab\u00a0Da Monteverdi a Monteverdi\u00a0\u00bb<\/p>\n<div class=\"caldera-grid\" id=\"caldera_form_1\" data-cf-ver=\"1.9.6\" data-cf-form-id=\"CF5ca5b45e85969\"><div id=\"caldera_notices_1\" data-spinner=\"https:\/\/chiomedoro.com\/wp-admin\/images\/spinner.gif\"><\/div><form data-instance=\"1\" class=\"CF5ca5b45e85969 caldera_forms_form cfajax-trigger\" method=\"POST\" enctype=\"multipart\/form-data\" id=\"CF5ca5b45e85969_1\" data-form-id=\"CF5ca5b45e85969\" aria-label=\"commandes\/questions Disques\" data-target=\"#caldera_notices_1\" data-template=\"#cfajax_CF5ca5b45e85969-tmpl\" data-cfajax=\"CF5ca5b45e85969\" data-load-element=\"_parent\" data-load-class=\"cf_processing\" data-post-disable=\"0\" data-action=\"cf_process_ajax_submit\" data-request=\"https:\/\/chiomedoro.com\/cf-api\/CF5ca5b45e85969\" data-hiderows=\"true\">\r\n<input type=\"hidden\" id=\"_cf_verify_CF5ca5b45e85969\" name=\"_cf_verify\" value=\"6637345af0\"  data-nonce-time=\"1776307102\" \/><input type=\"hidden\" name=\"_wp_http_referer\" value=\"\/index.php\/wp-json\/wp\/v2\/pages\/41\" \/><div id=\"cf2-CF5ca5b45e85969_1\"><\/div><input type=\"hidden\" name=\"_cf_frm_id\" value=\"CF5ca5b45e85969\">\r\n<input type=\"hidden\" name=\"_cf_frm_ct\" value=\"1\">\r\n<input type=\"hidden\" name=\"cfajax\" value=\"CF5ca5b45e85969\">\r\n<input type=\"hidden\" name=\"_cf_cr_pst\" value=\"41\">\r\n<div class=\"hide\" style=\"display:none; overflow:hidden;height:0;width:0;\">\r\n<label>Web Site<\/label><input type=\"text\" name=\"web_site\" value=\"\" autocomplete=\"off\">\r\n<\/div><div id=\"CF5ca5b45e85969_1-row-1\"  class=\"row  first_row\"><div  class=\"col-sm-12  single\"><div data-field-wrapper=\"fld_6617195\" class=\"form-group\" id=\"fld_6617195_1-wrap\">\r\n\t<label id=\"fld_6617195Label\" for=\"fld_6617195_1\" class=\"control-label\">Nom(s) <span aria-hidden=\"true\" role=\"presentation\" class=\"field_required\" style=\"color:#ee0000;\">*<\/span><\/label>\r\n\t<div class=\"\">\r\n\t\t<input   required type=\"text\" data-field=\"fld_6617195\" class=\" form-control\" id=\"fld_6617195_1\" name=\"fld_6617195\" value=\"\" data-type=\"text\" aria-required=\"true\"   aria-labelledby=\"fld_6617195Label\" >\t\t\t<\/div>\r\n<\/div>\r\n<\/div><\/div><div id=\"CF5ca5b45e85969_1-row-2\"  class=\"row \"><div  class=\"col-sm-12  single\"><div data-field-wrapper=\"fld_4096064\" class=\"form-group\" id=\"fld_4096064_1-wrap\">\r\n\t<label id=\"fld_4096064Label\" for=\"fld_4096064_1\" class=\"control-label\">Pr\u00e9nom(s) <span aria-hidden=\"true\" role=\"presentation\" class=\"field_required\" style=\"color:#ee0000;\">*<\/span><\/label>\r\n\t<div class=\"\">\r\n\t\t<input   required type=\"text\" data-field=\"fld_4096064\" class=\" form-control\" id=\"fld_4096064_1\" name=\"fld_4096064\" value=\"\" data-type=\"text\" aria-required=\"true\"   aria-labelledby=\"fld_4096064Label\" >\t\t\t<\/div>\r\n<\/div>\r\n<\/div><\/div><div id=\"CF5ca5b45e85969_1-row-3\"  class=\"row \"><div  class=\"col-sm-12  single\"><div data-field-wrapper=\"fld_5948436\" class=\"form-group\" id=\"fld_5948436_1-wrap\">\r\n\t<label id=\"fld_5948436Label\" for=\"fld_5948436_1\" class=\"control-label\">eMail <span aria-hidden=\"true\" role=\"presentation\" class=\"field_required\" style=\"color:#ee0000;\">*<\/span><\/label>\r\n\t<div class=\"\">\r\n\t\t<input   required type=\"email\" data-field=\"fld_5948436\" class=\" form-control\" id=\"fld_5948436_1\" name=\"fld_5948436\" value=\"\" data-type=\"email\" aria-required=\"true\"   aria-labelledby=\"fld_5948436Label\" >\t\t\t<\/div>\r\n<\/div>\r\n<\/div><\/div><div id=\"CF5ca5b45e85969_1-row-4\"  class=\"row \"><div  class=\"col-sm-12  single\"><div data-field-wrapper=\"fld_303987\" class=\"form-group\" id=\"fld_303987_1-wrap\">\r\n\t<label id=\"fld_303987Label\" for=\"fld_303987_1\" class=\"control-label\">Questions\/remarques\/nombre de disques<\/label>\r\n\t<div class=\"\">\r\n\t\t<textarea name=\"fld_303987\" value=\"\" data-field=\"fld_303987\" class=\"form-control\" id=\"fld_303987_1\" rows=\"3\"    aria-labelledby=\"fld_303987Label\" ><\/textarea>\n\t\t\t<\/div>\r\n<\/div>\r\n<\/div><\/div><div id=\"CF5ca5b45e85969_1-row-5\"  class=\"row  last_row\"><div  class=\"col-sm-12  single\"><div data-field-wrapper=\"fld_1698419\" class=\"form-group\" id=\"fld_1698419_1-wrap\">\r\n<div class=\"\">\r\n\t<input  class=\"btn btn-default\" type=\"submit\" name=\"fld_1698419\" id=\"fld_1698419_1\" value=\"Envoyer\" data-field=\"fld_1698419\"  >\n<\/div>\r\n<\/div>\r\n\t<input class=\"button_trigger_1\" type=\"hidden\" name=\"fld_1698419\" id=\"fld_1698419_1_btn\" value=\"\" data-field=\"fld_1698419\"  \/>\n<\/div><\/div><\/form>\r\n<\/div>\r\n\n","protected":false},"excerpt":{"rendered":"<p>N\u2019h\u00e9sitez pas \u00e0 nous contacter pour \u00e9changer \u00e0 propos de projets pass\u00e9s ou futurs. Vous pouvez \u00e9galement nous contacter via le formulaire pour vous procurer un de nos disques \u00ab\u00a0Le Th\u00e9\u00e2tre du Monde\u00a0\u00bb ou le dernier \u00ab\u00a0Da Monteverdi a Monteverdi\u00a0\u00bb<\/p>\n","protected":false},"author":1,"featured_media":0,"parent":39,"menu_order":0,"comment_status":"closed","ping_status":"closed","template":"templates\/no-sidebar.php","meta":{"jetpack_post_was_ever_published":false,"footnotes":""},"class_list":["post-41","page","type-page","status-publish","hentry"],"jetpack_sharing_enabled":false,"jetpack_shortlink":"https:\/\/wp.me\/P9gKRr-F","jetpack_likes_enabled":true,"jetpack-related-posts":[{"id":1124,"url":"https:\/\/chiomedoro.com\/index.php\/da-monteverdi-a-monteverdi\/","url_meta":{"origin":41,"position":0},"title":"Da Monteverdi a Monteverdi","author":"Admin","date":"11 d\u00e9cembre 2019","format":false,"excerpt":"Ce programme est un hommage \u00e0 Claudio Monteverdi (1567-1643), le plus grand compositeur du XVIIe si\u00e8cle italien, aux qualit\u00e9s contrapuntiques et dramatiques exceptionnelles, tant dans la musique religieuse que dans la musique profane. Dans cette \u00e8re baroque des effets de contrastes, Monteverdi hissa l\u2019art du madrigal au plus haut degr\u00e9\u2026","rel":"","context":"Article similaire","block_context":{"text":"Article similaire","link":""},"img":{"alt_text":"","src":"https:\/\/i0.wp.com\/chiomedoro.com\/wp-content\/uploads\/2020\/01\/201809042131_D750_DSC_4671-1280.jpg?fit=1200%2C801&ssl=1&resize=350%2C200","width":350,"height":200,"srcset":"https:\/\/i0.wp.com\/chiomedoro.com\/wp-content\/uploads\/2020\/01\/201809042131_D750_DSC_4671-1280.jpg?fit=1200%2C801&ssl=1&resize=350%2C200 1x, https:\/\/i0.wp.com\/chiomedoro.com\/wp-content\/uploads\/2020\/01\/201809042131_D750_DSC_4671-1280.jpg?fit=1200%2C801&ssl=1&resize=525%2C300 1.5x, https:\/\/i0.wp.com\/chiomedoro.com\/wp-content\/uploads\/2020\/01\/201809042131_D750_DSC_4671-1280.jpg?fit=1200%2C801&ssl=1&resize=700%2C400 2x, https:\/\/i0.wp.com\/chiomedoro.com\/wp-content\/uploads\/2020\/01\/201809042131_D750_DSC_4671-1280.jpg?fit=1200%2C801&ssl=1&resize=1050%2C600 3x"},"classes":[]},{"id":958,"url":"https:\/\/chiomedoro.com\/index.php\/amici\/","url_meta":{"origin":41,"position":1},"title":"Stage choral \u00ab\u00a0Amici\u00a0\u00bb","author":"Admin","date":"3 avril 2019","format":false,"excerpt":"Apr\u00e8s plusieurs mois d'attente, nous pouvons enfin vous proposer la suite du stage de l'\u00e9t\u00e9 2021 . Nous resterons avec Claudio Monteverdi, 30 minutes de musique incroyable ! Avant toute chose, voila les dates et les modalit\u00e9s, le programme arrivera un peu plus tard, ainsi que le mat\u00e9riel audio pour\u2026","rel":"","context":"Article similaire","block_context":{"text":"Article similaire","link":""},"img":{"alt_text":"","src":"https:\/\/i0.wp.com\/chiomedoro.com\/wp-content\/uploads\/2019\/04\/600x337_600x337_bernardo_strozzi_-_claudio_monteverdi_c.1630.jpg?resize=350%2C200&ssl=1","width":350,"height":200,"srcset":"https:\/\/i0.wp.com\/chiomedoro.com\/wp-content\/uploads\/2019\/04\/600x337_600x337_bernardo_strozzi_-_claudio_monteverdi_c.1630.jpg?resize=350%2C200&ssl=1 1x, https:\/\/i0.wp.com\/chiomedoro.com\/wp-content\/uploads\/2019\/04\/600x337_600x337_bernardo_strozzi_-_claudio_monteverdi_c.1630.jpg?resize=525%2C300&ssl=1 1.5x"},"classes":[]},{"id":91,"url":"https:\/\/chiomedoro.com\/index.php\/capriccio-damore\/","url_meta":{"origin":41,"position":2},"title":"Capriccio d\u2019Amore","author":"Noemie","date":"2 octobre 2017","format":false,"excerpt":"L\u2019amour en tranche fine... L\u2019Ensemble Chiome d\u2019Oro diss\u00e8que les relations amoureuses, et va nous faire pleurer de rire et de tristesse en se penchant sur les charmes et les d\u00e9senchantements de la vie de couple. Ce programme original, concoct\u00e9 sous la forme d\u2019un petit op\u00e9ra sans mise en sc\u00e8ne, a\u2026","rel":"","context":"Article similaire","block_context":{"text":"Article similaire","link":""},"img":{"alt_text":"","src":"https:\/\/i0.wp.com\/chiomedoro.com\/wp-content\/uploads\/2017\/10\/CapriccioDAmore.jpg?fit=1200%2C411&ssl=1&resize=350%2C200","width":350,"height":200,"srcset":"https:\/\/i0.wp.com\/chiomedoro.com\/wp-content\/uploads\/2017\/10\/CapriccioDAmore.jpg?fit=1200%2C411&ssl=1&resize=350%2C200 1x, https:\/\/i0.wp.com\/chiomedoro.com\/wp-content\/uploads\/2017\/10\/CapriccioDAmore.jpg?fit=1200%2C411&ssl=1&resize=525%2C300 1.5x, https:\/\/i0.wp.com\/chiomedoro.com\/wp-content\/uploads\/2017\/10\/CapriccioDAmore.jpg?fit=1200%2C411&ssl=1&resize=700%2C400 2x, https:\/\/i0.wp.com\/chiomedoro.com\/wp-content\/uploads\/2017\/10\/CapriccioDAmore.jpg?fit=1200%2C411&ssl=1&resize=1050%2C600 3x"},"classes":[]},{"id":1531,"url":"https:\/\/chiomedoro.com\/index.php\/1531-2\/","url_meta":{"origin":41,"position":3},"title":"Les divins caprices, la suite","author":"Admin","date":"19 juin 2023","format":false,"excerpt":"Nous sommes ravis de vous pr\u00e9senter en exclusivit\u00e9 le tout premier trailer de notre dernier spectacle \u00e9poustouflant, \"Les Divins Caprices\" !\u00a0 Ce spectacle incroyable a \u00e9t\u00e9 le fruit de 3 repr\u00e9sentations \u00e0 guichets ferm\u00e9s, 2 r\u00e9sidences de cr\u00e9ation intenses et la participation de 15 artistes talentueux. Tout cela dans un\u2026","rel":"","context":"Article similaire","block_context":{"text":"Article similaire","link":""},"img":{"alt_text":"","src":"https:\/\/i0.wp.com\/chiomedoro.com\/wp-content\/uploads\/2023\/06\/IMG-20230606-WA0020.jpg?resize=350%2C200&ssl=1","width":350,"height":200,"srcset":"https:\/\/i0.wp.com\/chiomedoro.com\/wp-content\/uploads\/2023\/06\/IMG-20230606-WA0020.jpg?resize=350%2C200&ssl=1 1x, https:\/\/i0.wp.com\/chiomedoro.com\/wp-content\/uploads\/2023\/06\/IMG-20230606-WA0020.jpg?resize=525%2C300&ssl=1 1.5x, https:\/\/i0.wp.com\/chiomedoro.com\/wp-content\/uploads\/2023\/06\/IMG-20230606-WA0020.jpg?resize=700%2C400&ssl=1 2x"},"classes":[]},{"id":1108,"url":"https:\/\/chiomedoro.com\/index.php\/nos-disques\/","url_meta":{"origin":41,"position":4},"title":"Nos Disques","author":"Admin","date":"30 novembre 2019","format":false,"excerpt":"\"Le Th\u00e9\u00e2tre du Monde\", sorti en 2014 chez Claves Au tournant du XVIIe si\u00e8cle, certains compositeurs ont cherch\u00e9, pour la premi\u00e8re fois, \u00e0 exprimer musicalement, non plus les \u00e9motions des dieux, mais celles des hommes, bien plus violentes et profondes. L'amour, la haine et le d\u00e9sespoir sont r\u00e9unis sur la\u2026","rel":"","context":"Article similaire","block_context":{"text":"Article similaire","link":""},"img":{"alt_text":"","src":"https:\/\/i0.wp.com\/chiomedoro.com\/wp-content\/uploads\/2022\/11\/image-provisoir-TdM-1.jpg?resize=350%2C200&ssl=1","width":350,"height":200,"srcset":"https:\/\/i0.wp.com\/chiomedoro.com\/wp-content\/uploads\/2022\/11\/image-provisoir-TdM-1.jpg?resize=350%2C200&ssl=1 1x, https:\/\/i0.wp.com\/chiomedoro.com\/wp-content\/uploads\/2022\/11\/image-provisoir-TdM-1.jpg?resize=525%2C300&ssl=1 1.5x, https:\/\/i0.wp.com\/chiomedoro.com\/wp-content\/uploads\/2022\/11\/image-provisoir-TdM-1.jpg?resize=700%2C400&ssl=1 2x, https:\/\/i0.wp.com\/chiomedoro.com\/wp-content\/uploads\/2022\/11\/image-provisoir-TdM-1.jpg?resize=1050%2C600&ssl=1 3x, https:\/\/i0.wp.com\/chiomedoro.com\/wp-content\/uploads\/2022\/11\/image-provisoir-TdM-1.jpg?resize=1400%2C800&ssl=1 4x"},"classes":[]},{"id":93,"url":"https:\/\/chiomedoro.com\/index.php\/monteverdi-vivaldi-les-deux-lumieres-du-baroque\/","url_meta":{"origin":41,"position":5},"title":"Monteverdi-Vivaldi : les deux lumi\u00e8res du baroque","author":"Noemie","date":"2 octobre 2017","format":false,"excerpt":"Des polyphonies \u00e9clatantes de Gabrieli au style flamboyant de Vivaldi, en passant bien s\u00fbr par l\u2019illustre Monteverdi, tout cela s\u2019est pass\u00e9 \u00e0 Venise. En effet, cette ville commer\u00e7ante riche et puissante, a encourag\u00e9 les arts, tant profanes que sacr\u00e9s. En abritant la recherche musicale (comme par exemple Zarlino) et les\u2026","rel":"","context":"Article similaire","block_context":{"text":"Article similaire","link":""},"img":{"alt_text":"","src":"https:\/\/i0.wp.com\/chiomedoro.com\/wp-content\/uploads\/2017\/10\/MonteverdiVivaldi.jpg?fit=1200%2C411&ssl=1&resize=350%2C200","width":350,"height":200,"srcset":"https:\/\/i0.wp.com\/chiomedoro.com\/wp-content\/uploads\/2017\/10\/MonteverdiVivaldi.jpg?fit=1200%2C411&ssl=1&resize=350%2C200 1x, https:\/\/i0.wp.com\/chiomedoro.com\/wp-content\/uploads\/2017\/10\/MonteverdiVivaldi.jpg?fit=1200%2C411&ssl=1&resize=525%2C300 1.5x, https:\/\/i0.wp.com\/chiomedoro.com\/wp-content\/uploads\/2017\/10\/MonteverdiVivaldi.jpg?fit=1200%2C411&ssl=1&resize=700%2C400 2x, https:\/\/i0.wp.com\/chiomedoro.com\/wp-content\/uploads\/2017\/10\/MonteverdiVivaldi.jpg?fit=1200%2C411&ssl=1&resize=1050%2C600 3x"},"classes":[]}],"_links":{"self":[{"href":"https:\/\/chiomedoro.com\/index.php\/wp-json\/wp\/v2\/pages\/41","targetHints":{"allow":["GET"]}}],"collection":[{"href":"https:\/\/chiomedoro.com\/index.php\/wp-json\/wp\/v2\/pages"}],"about":[{"href":"https:\/\/chiomedoro.com\/index.php\/wp-json\/wp\/v2\/types\/page"}],"author":[{"embeddable":true,"href":"https:\/\/chiomedoro.com\/index.php\/wp-json\/wp\/v2\/users\/1"}],"replies":[{"embeddable":true,"href":"https:\/\/chiomedoro.com\/index.php\/wp-json\/wp\/v2\/comments?post=41"}],"version-history":[{"count":7,"href":"https:\/\/chiomedoro.com\/index.php\/wp-json\/wp\/v2\/pages\/41\/revisions"}],"predecessor-version":[{"id":986,"href":"https:\/\/chiomedoro.com\/index.php\/wp-json\/wp\/v2\/pages\/41\/revisions\/986"}],"up":[{"embeddable":true,"href":"https:\/\/chiomedoro.com\/index.php\/wp-json\/wp\/v2\/pages\/39"}],"wp:attachment":[{"href":"https:\/\/chiomedoro.com\/index.php\/wp-json\/wp\/v2\/media?parent=41"}],"curies":[{"name":"wp","href":"https:\/\/api.w.org\/{rel}","templated":true}]}}